 digit of 3848118?
8
What is the millions digit of 2832551?
2
What is the ten thousands digit of 119957?
1
What is the hundreds digit of 180166?
1
What is the hundreds digit of 3916281?
2
What is the units digit of 8337262?
2
What is the thousands digit of 187597?
7
What is the hundred thousands digit of 2887674?
8
What is the hundreds digit of 468970?
9
What is the tens digit of 129272?
7
What is the hundreds digit of 741061?
0
What is the millions digit of 1252867?
1
What is the thousands digit of 464572?
4
What is the hundreds digit of 6468382?
3
What is the thousands digit of 1101631?
1
What is the hundred thousands digit of 3809307?
8
What is the tens digit of 386550?
5
What is the millions digit of 2303003?
2
What is the ten thousands digit of 731960?
3
What is the hundreds digit of 219620?
6
What is the millions digit of 2439171?
2
What is the units digit of 3638935?
5
What is the tens digit of 523514?
1
What is the hundreds digit of 1255337?
3
What is the tens digit of 1042239?
3
What is the tens digit of 453355?
5
What is the millions digit of 15949419?
5
What is the hundred thousands digit of 408323?
4
What is the ten thousands digit of 2636981?
3
What is the ten thousands digit of 3417303?
1
What is the hundreds digit of 106150?
1
What is the millions digit of 24857217?
4
What is the hundreds digit of 353901?
9
What is the millions digit of 1268350?
1
What is the hundred thousands digit of 7458180?
4
What is the units digit of 463574?
4
What is the ten millions digit of 12263290?
1
What is the ten millions digit of 12519180?
1
What is the thousands digit of 46828?
6
What is the thousands digit of 1127094?
7
What is the units digit of 61731?
1
What is the hundreds digit of 665905?
9
What is the ten thousands digit of 9798977?
9
What is the thousands digit of 514514?
4
What is the units digit of 2494830?
0
What is the ten thousands digit of 365360?
6
What is the tens digit of 7498470?
7
What is the tens digit of 2829854?
5
What is the thousands digit of 511304?
1
What is the hundred thousands digit of 264894?
2
What is the ten thousands digit of 6945676?
4
What is the hundred thousands digit of 1093117?
0
What is the millions digit of 6953419?
6
What is the units digit of 122544?
4
What is the ten thousands digit of 2602229?
0
What is the ten thousands digit of 374738?
7
What is the units digit of 2164627?
7
What is the ten thousands digit of 8671796?
7
What is the millions digit of 1154130?
1
What is the tens digit of 140989?
8
What is the tens digit of 15741874?
7
What is the units digit of 886205?
5
What is the hundreds digit of 3928690?
6
What is the tens digit of 14818339?
3
What is the units digit of 5045312?
2
What is the units digit of 279401?
1
What is the hundreds digit of 7021051?
0
What is the hundred thousands digit of 2052881?
0
What is the tens digit of 3101018?
1
What is the units digit of 35426220?
0
What is the millions digit of 1143602?
1
What is the millions digit of 11838355?
1
What is the tens digit of 1356292?
9
What is the millions digit of 1401257?
1
What is the thousands digit of 87823?
7
What is the hundred thousands digit of 1782225?
7
What is the ten millions digit of 43315041?
4
What is the hundreds digit of 11683006?
0
What is the tens digit of 518287?
8
What is the hundred thousands digit of 15717179?
7
What is the hundred thousands digit of 2330547?
3
What is the thousands digit of 158533?
8
What is the hundreds digit of 6139125?
1
What is the thousands digit of 275322?
5
What is the millions digit of 8532238?
8
What is the ten thousands digit of 20673187?
7
What is the tens digit of 118867?
6
What is the tens digit of 229352?
5
What is the hundred thousands digit of 310531?
3
What is the millions digit of 1068426?
1
What is the thousands digit of 74390?
4
What is the tens digit of 2673026?
2
What is the units digit of 8691413?
3
What is the hundred thousands digit of 14421024?
4
What is the ten thousands digit of 9646628?
4
What is the tens digit of 465393?
9
What is the hundred thousands digit of 297242?
2
What is the tens digit of 820751?
5
What is the units digit of 11096563?
3
What is the hundreds digit of 152925?
9
What is the units digit of 16021?
1
What is the hundred thousands digit of 1129887?
1
What is the units digit of 307187?
7
What is the hundreds digit of 350499?
4
What is the hundreds digit of 2195991?
9
What is the thousands digit of 296481?
6
What is the hundreds digit of 60499?
4
What is the hundred thousands digit of 544616?
5
What is the tens digit of 663683?
8
What is the thousands digit of 812075?
2
What is the hundred thousands digit of 1240968?
2
What is the ten thousands digit of 6496132?
9
What is the tens digit of 472900?
0
What is the tens digit of 27960?
6
What is the units digit of 9089716?
6
What is the ten thousands digit of 392431?
9
What is the millions digit of 10670605?
0
What is the units digit of 27574199?
9
What is the hundreds digit of 2684628?
6
What is the tens digit of 6741577?
7
What is the hundred thousands digit of 3944973?
9
What is the thousands digit of 1390729?
0
What is the units digit of 8286326?
6
What is the hundreds digit of 11479721?
7
What is the hundreds digit of 260755?
7
What is the thousands digit of 875764?
5
What is the units digit of 19914?
4
What is the millions digit of 1930252?
1
What is the hundreds digit of 5834945?
9
What is the hundreds digit of 222032?
0
What is the millions digit of 4029738?
4
What is the tens digit of 7034415?
1
What is the units digit of 584366?
6
What is the ten thousands digit of 179106?
7
What is the hundred thousands digit of 2252966?
2
What is the hundred thousands digit of 2286578?
2
What is the thousands digit of 454582?
4
What is the hundred thousands digit of 1491754?
4
What is the units digit of 1466512?
2
What is the tens digit of 22693?
9
What is the units digit of 159977?
7
What is the hundred thousands digit of 787711?
7
What is the ten thousands digit of 1053851?
5
What is the thousands digit of 260695?
0
What is the thousands digit of 4409221?
9
What is the thousands digit of 1166574?
6
What is the units digit of 13837062?
2
What is the hundreds digit of 1845690?
6
What is the hundreds digit of 1232624?
6
What is the thousands digit of 283441?
3
What is the units digit of 1250560?
0
What is the ten thousands digit of 276924?
7
What is the millions digit of 1565930?
1
What is the ten millions digit of 20968934?
2
What is the thousands digit of 12078691?
8
What is the hundreds digit of 26310?
3
What is the hundred thousands digit of 5245459?
2
What is the hundred thousands digit of 407955?
4
What is the ten thousands digit of 14176?
1
What is the hundred thousands digit of 278731?
2
What is the hundreds digit of 53135?
1
What is the thousands digit of 802279?
2
What is the hundred thousands digit of 371813?
3
What is the hundred thousands digit of 1442343?
4
What is the hundreds digit of 10632177?
1
What is the hundred thousands digit of 5384429?
3
What is the hundred thousands digit of 316837?
3
What is the hundred thousands digit of 163543?
1
What is the tens digit of 12777409?
0
What is the millions digit of 5339972?
5
What is the thousands digit of 190894?
0
What is the tens digit of 364351?
5
What is the tens digit of 2071301?
0
What is the thousands digit of 66447?
6
What is the millions digit of 5188758?
5
What is the units digit of 17953?
3
What is the hundreds digit of 146640?
6
What is the hundreds digit of 30002504?
5
What is the units digit of 185482?
2
What is the hundreds digit of 1247239?
2
What is the hundred thousands digit of 456538?
4
What is the units digit of 683539?
9
What is the hundreds digit of 12144290?
2
What is the ten thousands digit of 7137868?
3
What is the thousands digit of 15173455?
3
What is the tens digit of 4445040?
4
What is the hundred thousands digit of 9657562?
6
What is the thousands digit of 490619?
0
What is the ten millions digit of 24555896?
2
What is the ten thousands digit of 198664?
9
What is the units digit of 2930479?
9
What is the thousands digit of 685536?
5
What is the thousands digit of 518200?
8
What is the millions digit of 1694606?
1
What is the hundred thousands digit of 3413363?
4
What is the millions digit of 11021326?
1
What is th